{"id":2,"date":"2019-03-22T10:58:29","date_gmt":"2019-03-22T13:58:29","guid":{"rendered":"https:\/\/www2.tecnologia5.com\/?page_id=2"},"modified":"2026-03-06T17:03:16","modified_gmt":"2026-03-06T20:03:16","slug":"blog-4","status":"publish","type":"page","link":"https:\/\/tec5.tech\/blog\/","title":{"rendered":"Blog &#8211; Inicio"},"content":{"rendered":"<p>[et_pb_section fb_built=&#8221;1&#8243; _builder_version=&#8221;4.27.4&#8243; _module_preset=&#8221;default&#8221; background_image=&#8221;https:\/\/createc.com.ar\/T5\/blog\/wp-content\/uploads\/2025\/10\/back-header-interno.png&#8221; custom_padding=&#8221;103px||91px|||&#8221; global_colors_info=&#8221;{}&#8221;][et_pb_row _builder_version=&#8221;4.27.4&#8243; _module_preset=&#8221;default&#8221; global_colors_info=&#8221;{}&#8221;][et_pb_column type=&#8221;4_4&#8243; _builder_version=&#8221;4.27.4&#8243; _module_preset=&#8221;default&#8221; global_colors_info=&#8221;{}&#8221;][et_pb_text _builder_version=&#8221;4.27.4&#8243; _module_preset=&#8221;default&#8221; text_font_size=&#8221;16px&#8221; header_font=&#8221;|700||on|||||&#8221; header_text_align=&#8221;center&#8221; header_line_height=&#8221;1.2em&#8221; text_orientation=&#8221;center&#8221; width=&#8221;80%&#8221; module_alignment=&#8221;center&#8221; global_colors_info=&#8221;{}&#8221;]<\/p>\n<h1><span style=\"color: #de2a22;\">Blog de tecnolog\u00eda:<\/span><br \/>Actualidad, noticias y novedades\u00a0<\/h1>\n<p>[\/et_pb_text][et_pb_text _builder_version=&#8221;4.27.4&#8243; _module_preset=&#8221;default&#8221; text_font_size=&#8221;16px&#8221; text_orientation=&#8221;center&#8221; global_colors_info=&#8221;{}&#8221;]<\/p>\n<p>En nuestro<strong> blog de tecnolog\u00eda e inform\u00e1tica<\/strong> te traemos <strong>noticias de tecnolog\u00eda actuales<\/strong>, las mejores <strong>novedades tecnol\u00f3gicas<\/strong> y <strong>art\u00edculos de tecnolog\u00eda<\/strong> claros y detallados. Cubrimos temas de <strong>inteligencia artificial (IA)<\/strong>, <strong>ciberseguridad<\/strong>, <strong>monitoreo de red<\/strong> y mucho m\u00e1s. Si busc\u00e1s un <strong>blog sobre tecnolog\u00eda<\/strong> claro y accionable, este es tu lugar.<\/p>\n<p>[\/et_pb_text][\/et_pb_column][\/et_pb_row][\/et_pb_section][et_pb_section fb_built=&#8221;1&#8243; _builder_version=&#8221;4.27.4&#8243; _module_preset=&#8221;default&#8221; background_color=&#8221;#eeeeee&#8221; hover_enabled=&#8221;0&#8243; global_colors_info=&#8221;{}&#8221; sticky_enabled=&#8221;0&#8243;][et_pb_row use_custom_gutter=&#8221;on&#8221; gutter_width=&#8221;2&#8243; make_equal=&#8221;on&#8221; _builder_version=&#8221;4.27.4&#8243; _module_preset=&#8221;default&#8221; width=&#8221;95%&#8221; max_width=&#8221;1400px&#8221; global_colors_info=&#8221;{}&#8221;][et_pb_column type=&#8221;4_4&#8243; _builder_version=&#8221;4.27.4&#8243; _module_preset=&#8221;default&#8221; global_colors_info=&#8221;{}&#8221;][et_pb_blog fullwidth=&#8221;off&#8221; posts_number=&#8221;12&#8243; use_manual_excerpt=&#8221;off&#8221; excerpt_length=&#8221;140&#8243; show_more=&#8221;on&#8221; show_date=&#8221;off&#8221; show_categories=&#8221;off&#8221; _builder_version=&#8221;4.27.4&#8243; _module_preset=&#8221;default&#8221; header_text_color=&#8221;#DB312B&#8221; header_line_height=&#8221;1.3em&#8221; meta_text_color=&#8221;#adadad&#8221; custom_css_featured_image=&#8221;border-bottom:1px solid #DB312B!important; padding-bottom:1px&#8221; custom_css_read_more=&#8221;margin-top:15px; display:block;&#8221; border_radii=&#8221;on|6px|6px|6px|6px&#8221; box_shadow_style=&#8221;preset3&#8243; box_shadow_vertical=&#8221;6px&#8221; global_colors_info=&#8221;{}&#8221;][\/et_pb_blog][\/et_pb_column][\/et_pb_row][\/et_pb_section]<\/p>\n","protected":false},"excerpt":{"rendered":"<p>Blog de tecnolog\u00eda:Actualidad, noticias y novedades\u00a0En nuestro blog de tecnolog\u00eda e inform\u00e1tica te traemos noticias de tecnolog\u00eda actuales, las mejores novedades tecnol\u00f3gicas y art\u00edculos de tecnolog\u00eda claros y detallados. Cubrimos temas de inteligencia artificial (IA), ciberseguridad, monitoreo de red y mucho m\u00e1s. Si busc\u00e1s un blog sobre tecnolog\u00eda claro y accionable, este es tu lugar.<\/p>\n","protected":false},"author":1,"featured_media":0,"parent":0,"menu_order":0,"comment_status":"closed","ping_status":"open","template":"","meta":{"_et_pb_use_builder":"on","_et_pb_old_content":"","_et_gb_content_width":"1080","footnotes":""},"class_list":["post-2","page","type-page","status-publish","hentry"],"yoast_head":"<!-- This site is optimized with the Yoast SEO plugin v27.1.1 - https:\/\/yoast.com\/product\/yoast-seo-wordpress\/ -->\n<title>Blog - Inicio - Tec5.Tech<\/title>\n<meta name=\"description\" content=\"Blog - Inicio\" \/>\n<meta name=\"robots\" content=\"index, follow, max-snippet:-1, max-image-preview:large, max-video-preview:-1\" \/>\n<link rel=\"canonical\" href=\"https:\/\/tec5.tech\/blog\/\" \/>\n<meta property=\"og:locale\" content=\"es_ES\" \/>\n<meta property=\"og:type\" content=\"article\" \/>\n<meta property=\"og:title\" content=\"Blog - Inicio - Tec5.Tech\" \/>\n<meta property=\"og:description\" content=\"Blog - Inicio\" \/>\n<meta property=\"og:url\" content=\"https:\/\/tec5.tech\/blog\/\" \/>\n<meta property=\"og:site_name\" content=\"Tec5.Tech\" \/>\n<meta property=\"article:modified_time\" content=\"2026-03-06T20:03:16+00:00\" \/>\n<meta name=\"twitter:card\" content=\"summary_large_image\" \/>\n<script type=\"application\/ld+json\" class=\"yoast-schema-graph\">{\"@context\":\"https:\/\/schema.org\",\"@graph\":[{\"@type\":\"WebPage\",\"@id\":\"https:\/\/tec5.tech\/blog\/\",\"url\":\"https:\/\/tec5.tech\/blog\/\",\"name\":\"Blog - Inicio - Tec5.Tech\",\"isPartOf\":{\"@id\":\"https:\/\/tec5.tech\/blog\/#website\"},\"datePublished\":\"2019-03-22T13:58:29+00:00\",\"dateModified\":\"2026-03-06T20:03:16+00:00\",\"description\":\"Blog - Inicio\",\"breadcrumb\":{\"@id\":\"https:\/\/tec5.tech\/blog\/#breadcrumb\"},\"inLanguage\":\"es\",\"potentialAction\":[{\"@type\":\"ReadAction\",\"target\":[\"https:\/\/tec5.tech\/blog\/\"]}]},{\"@type\":\"BreadcrumbList\",\"@id\":\"https:\/\/tec5.tech\/blog\/#breadcrumb\",\"itemListElement\":[{\"@type\":\"ListItem\",\"position\":1,\"name\":\"Inicio\",\"item\":\"https:\/\/tec5.tech\/blog\/\"},{\"@type\":\"ListItem\",\"position\":2,\"name\":\"Blog &#8211; Inicio\"}]},{\"@type\":\"WebSite\",\"@id\":\"https:\/\/tec5.tech\/blog\/#website\",\"url\":\"https:\/\/tec5.tech\/blog\/\",\"name\":\"Tec5.Tech\",\"description\":\"Actualidad y Tecnolog\u00eda\",\"publisher\":{\"@id\":\"https:\/\/tec5.tech\/blog\/#organization\"},\"potentialAction\":[{\"@type\":\"SearchAction\",\"target\":{\"@type\":\"EntryPoint\",\"urlTemplate\":\"https:\/\/tec5.tech\/blog\/?s={search_term_string}\"},\"query-input\":{\"@type\":\"PropertyValueSpecification\",\"valueRequired\":true,\"valueName\":\"search_term_string\"}}],\"inLanguage\":\"es\"},{\"@type\":\"Organization\",\"@id\":\"https:\/\/tec5.tech\/blog\/#organization\",\"name\":\"Tec5.Tech\",\"url\":\"https:\/\/tec5.tech\/blog\/\",\"logo\":{\"@type\":\"ImageObject\",\"inLanguage\":\"es\",\"@id\":\"https:\/\/tec5.tech\/blog\/#\/schema\/logo\/image\/\",\"url\":\"https:\/\/tec5.tech\/blog\/wp-content\/uploads\/2021\/04\/Logo-Horizontal.jpg\",\"contentUrl\":\"https:\/\/tec5.tech\/blog\/wp-content\/uploads\/2021\/04\/Logo-Horizontal.jpg\",\"width\":1200,\"height\":300,\"caption\":\"Tec5.Tech\"},\"image\":{\"@id\":\"https:\/\/tec5.tech\/blog\/#\/schema\/logo\/image\/\"}}]}<\/script>\n<!-- \/ Yoast SEO plugin. -->","yoast_head_json":{"title":"Blog - Inicio - Tec5.Tech","description":"Blog - Inicio","robots":{"index":"index","follow":"follow","max-snippet":"max-snippet:-1","max-image-preview":"max-image-preview:large","max-video-preview":"max-video-preview:-1"},"canonical":"https:\/\/tec5.tech\/blog\/","og_locale":"es_ES","og_type":"article","og_title":"Blog - Inicio - Tec5.Tech","og_description":"Blog - Inicio","og_url":"https:\/\/tec5.tech\/blog\/","og_site_name":"Tec5.Tech","article_modified_time":"2026-03-06T20:03:16+00:00","twitter_card":"summary_large_image","schema":{"@context":"https:\/\/schema.org","@graph":[{"@type":"WebPage","@id":"https:\/\/tec5.tech\/blog\/","url":"https:\/\/tec5.tech\/blog\/","name":"Blog - Inicio - Tec5.Tech","isPartOf":{"@id":"https:\/\/tec5.tech\/blog\/#website"},"datePublished":"2019-03-22T13:58:29+00:00","dateModified":"2026-03-06T20:03:16+00:00","description":"Blog - Inicio","breadcrumb":{"@id":"https:\/\/tec5.tech\/blog\/#breadcrumb"},"inLanguage":"es","potentialAction":[{"@type":"ReadAction","target":["https:\/\/tec5.tech\/blog\/"]}]},{"@type":"BreadcrumbList","@id":"https:\/\/tec5.tech\/blog\/#breadcrumb","itemListElement":[{"@type":"ListItem","position":1,"name":"Inicio","item":"https:\/\/tec5.tech\/blog\/"},{"@type":"ListItem","position":2,"name":"Blog &#8211; Inicio"}]},{"@type":"WebSite","@id":"https:\/\/tec5.tech\/blog\/#website","url":"https:\/\/tec5.tech\/blog\/","name":"Tec5.Tech","description":"Actualidad y Tecnolog\u00eda","publisher":{"@id":"https:\/\/tec5.tech\/blog\/#organization"},"potentialAction":[{"@type":"SearchAction","target":{"@type":"EntryPoint","urlTemplate":"https:\/\/tec5.tech\/blog\/?s={search_term_string}"},"query-input":{"@type":"PropertyValueSpecification","valueRequired":true,"valueName":"search_term_string"}}],"inLanguage":"es"},{"@type":"Organization","@id":"https:\/\/tec5.tech\/blog\/#organization","name":"Tec5.Tech","url":"https:\/\/tec5.tech\/blog\/","logo":{"@type":"ImageObject","inLanguage":"es","@id":"https:\/\/tec5.tech\/blog\/#\/schema\/logo\/image\/","url":"https:\/\/tec5.tech\/blog\/wp-content\/uploads\/2021\/04\/Logo-Horizontal.jpg","contentUrl":"https:\/\/tec5.tech\/blog\/wp-content\/uploads\/2021\/04\/Logo-Horizontal.jpg","width":1200,"height":300,"caption":"Tec5.Tech"},"image":{"@id":"https:\/\/tec5.tech\/blog\/#\/schema\/logo\/image\/"}}]}},"_links":{"self":[{"href":"https:\/\/tec5.tech\/blog\/wp-json\/wp\/v2\/pages\/2","targetHints":{"allow":["GET"]}}],"collection":[{"href":"https:\/\/tec5.tech\/blog\/wp-json\/wp\/v2\/pages"}],"about":[{"href":"https:\/\/tec5.tech\/blog\/wp-json\/wp\/v2\/types\/page"}],"author":[{"embeddable":true,"href":"https:\/\/tec5.tech\/blog\/wp-json\/wp\/v2\/users\/1"}],"replies":[{"embeddable":true,"href":"https:\/\/tec5.tech\/blog\/wp-json\/wp\/v2\/comments?post=2"}],"version-history":[{"count":23,"href":"https:\/\/tec5.tech\/blog\/wp-json\/wp\/v2\/pages\/2\/revisions"}],"predecessor-version":[{"id":3602,"href":"https:\/\/tec5.tech\/blog\/wp-json\/wp\/v2\/pages\/2\/revisions\/3602"}],"wp:attachment":[{"href":"https:\/\/tec5.tech\/blog\/wp-json\/wp\/v2\/media?parent=2"}],"curies":[{"name":"wp","href":"https:\/\/api.w.org\/{rel}","templated":true}]}}